, 1595927
List the prime factors of 7653948.
2, 3, 637829
What are the prime factors of 767951784?
2, 3, 23, 29, 15991
What are the prime factors of 1119788086?
2, 937, 597539
What are the prime factors of 4235790297?
3, 1411930099
List the prime factors of 988718781.
3, 211, 263, 5939
List the prime factors of 741804.
2, 3, 7, 8831
What are the prime factors of 175746418?
2, 41, 43, 49843
List the prime factors of 81555789.
3, 7, 283, 13723
List the prime factors of 1530146854.
2, 765073427
List the prime factors of 959663144.
2, 11, 10905263
What are the prime factors of 6315730114?
2, 3157865057
What are the prime factors of 18294094?
2, 7, 13, 100517
List the prime factors of 69536595.
3, 5, 4635773
List the prime factors of 45879738.
2, 3, 41, 421, 443
What are the prime factors of 549278408?
2, 7, 97, 101119
List the prime factors of 3371750.
2, 5, 13487
List the prime factors of 11237339.
11237339
What are the prime factors of 482319160?
2, 5, 12057979
List the prime factors of 421123028.
2, 3623, 29059
What are the prime factors of 124628475?
3, 5, 1661713
What are the prime factors of 208184630?
2, 5, 103, 202121
List the prime factors of 261938818.
2, 130969409
What are the prime factors of 78984289?
827, 95507
What are the prime factors of 15465192?
2, 3, 644383
List the prime factors of 6731362160.
2, 5, 17, 23, 215197
List the prime factors of 40240494.
2, 3, 7, 389, 821
What are the prime factors of 263225941?
11, 283, 7687
What are the prime factors of 125156580?
2, 3, 5, 2085943
What are the prime factors of 6677456834?
2, 101, 103, 320939
List the prime factors of 29545664.
2, 29, 15919
List the prime factors of 91312244.
2, 22828061
List the prime factors of 1635764989.
1635764989
What are the prime factors of 33039583?
31, 997, 1069
List the prime factors of 405663113.
53, 311, 24611
List the prime factors of 194087308.
2, 1289, 37643
What are the prime factors of 71505644?
2, 7, 1013, 2521
List the prime factors of 17227888.
2, 331, 3253
What are the prime factors of 1616936077?
2063, 783779
What are the prime factors of 32683742?
2, 7, 13, 179581
List the prime factors of 2208599419.
13, 47, 953, 3793
List the prime factors of 154298305.
5, 7, 137, 4597
List the prime factors of 7988260.
2, 5, 7, 57059
List the prime factors of 12295760.
2, 5, 17, 9041
What are the prime factors of 80390446?
2, 2311, 17393
List the prime factors of 48020723.
29, 43, 97, 397
What are the prime factors of 3327757815?
3, 5, 2521, 88001
What are the prime factors of 2601771585?
3, 5, 7, 4871, 5087
What are the prime factors of 86236647?
3, 7, 103, 39869
What are the prime factors of 4125855931?
4125855931
What are the prime factors of 35872773?
3, 157, 76163
List the prime factors of 2542785146.
2, 11, 115581143
What are the prime factors of 288944956?
2, 4567, 15817
What are the prime factors of 153642832?
2, 7, 195973
What are the prime factors of 52772529?
3, 17590843
What are the prime factors of 62542622?
2, 71, 440441
What are the prime factors of 1153650864?
2, 3, 31, 83, 9341
What are the prime factors of 79799397?
3, 23, 53, 21821
What are the prime factors of 16557301?
47, 151, 2333
What are the prime factors of 12353411?
7, 101, 173
What are the prime factors of 7161410783?
19, 197, 100699
What are the prime factors of 7755709?
13, 596593
What are the prime factors of 965296258?
2, 281, 1717609
What are the prime factors of 1299776085?
3, 5, 29, 331999
List the prime factors of 55820915.
5, 947, 11789
List the prime factors of 25605418.
2, 12802709
What are the prime factors of 45627514?
2, 3769, 6053
What are the prime factors of 22447672?
2, 13, 215843
What are the prime factors of 536312236?
2, 5087, 26357
List the prime factors of 3608717100.
2, 3, 5, 12029057
What are the prime factors of 128715649?
128715649
What are the prime factors of 221457712?
2, 7, 1977301
List the prime factors of 2528741664.
2, 3, 241, 36433
List the prime factors of 403822938.
2, 3, 67303823
What are the prime factors of 66390011?
337, 197003
What are the prime factors of 237101396?
2, 7, 1051, 1151
List the prime factors of 1809988.
2, 452497
What are the prime factors of 40587624?
2, 3, 7, 11, 7321
List the prime factors of 188074798.
2, 94037399
What are the prime factors of 97363838?
2, 11, 13, 277, 1229
What are the prime factors of 130210501?
130210501
What are the prime factors of 617524475?
5, 24700979
What are the prime factors of 9007311?
3, 19, 8317
What are the prime factors of 1501924972?
2, 137, 2740739
What are the prime factors of 3124039277?
3124039277
What are the prime factors of 61601370?
2, 3, 5, 17, 43, 53
What are the prime factors of 6573151897?
13, 19, 167, 8387
List the prime factors of 37027829.
37027829
What are the prime factors of 4256749817?
23, 185076079
List the prime factors of 2026383071.
2026383071
List the prime factors of 415754401.
43, 293, 32999
List the prime factors of 48915791.
48915791
List the prime factors of 34686750.
2, 3, 5, 7, 6607
What are the prime factors of 33641857?
137, 245561
What are the prime factors of 271910870?
2, 5, 7, 11, 181, 1951
List the prime factors of 60199993.
7, 23, 167, 2239
What are the prime factors of 1494985746?
2, 3, 17, 1291, 11353
List the prime factors of 195028654.
2, 19, 29, 176977
List the prime factors of 1660673228.
2, 251, 1654057
List the prime factors of 77755317.
3, 1109, 23371
What are the prime factors of 2089353687?
3, 1447, 481307
List the prime factors of 1141160160.
2, 3, 5, 7, 339631
List the prime factors of 543010255.
5, 3851, 28201
What are the prime factors of 34224838?
2, 59, 290041
What are the prime factors of 414675594?
2, 3, 17, 251, 5399
What are the prime factors of 86225947?
37, 2330431
List the prime factors of 83481673.
11, 7589243
List the prime factors of 1374329491.
47, 29241053
What are the prime factors of 3330484927?
7, 11, 43253051
List the prime factors of 6295617.
3, 431, 541
List the prime factors of 1436397701.
19, 233, 17077
List the prime factors of 94052987.
7, 751, 17891
What are the prime factors of 393765?
3, 5, 26251
What are the prime factors of 70863968?
2, 7, 47, 53, 127
List the prime factors of 1470439392.
2, 3, 157, 97561
What are the prime factors of 523497525?
3, 5, 6979967
What are the prime factors of 1082852744?
2, 135356593
What are the prime factors of 23081350?
2, 5, 461627
List the prime factors of 30932152.
2, 19, 197, 1033
What are the prime factors of 85104599?
97, 877367
What are the prime factors of 2528529202?
2, 1264264601
List the prime factors of 384651040.
2, 5, 2404069
What are the prime factors of 633352216?
2, 7, 449, 25189
List the prime factors of 155240277.
3, 17, 29, 43, 2441
List the prime factors of 192495741.
3, 64165247
What are the prime factors of 558746227?
13, 42980479
What are the prime factors of 4548503800?
2, 5, 22742519
List the prime factors of 141017080.
2, 5, 59, 59753
What are the prime factors of 1747150708?
2, 163, 241, 11119
What are the prime factors of 77044348?
2, 2767, 6961
List the prime factors of 4103885966.
2, 2051942983
List the prime factors of 119331391.
241, 495151
List the prime factors of 287266714.
2, 7, 17, 269, 641
List the prime factors of 5656321863.
3, 628480207
List the prime factors of 236701678.
2, 31, 157, 24317
List the prime factors of 212597161.
7, 30371023
What are the prime factors of 260663107?
29, 79, 113777
What are the prime factors of 249765352?
2, 191, 223, 733
List the prime factors of 285098331.
3, 7, 613, 22147
List the prime factors of 24686295.
3, 5, 17, 131, 739
What are the prime factors of 3498070744?
2, 7, 293, 213193
List the prime factors of 211972853.
23, 859, 10729
What are the prime factors of 31134964?
2, 7, 1111963
What are the prime factors of 595013775?
3, 5, 53, 149689
What are the prime factors of 77068031?
3271, 23561
List the prime factors of 77750997.
3, 83, 312253
List the prime factors of 59769855.
3, 5, 1328219
List the prime factors of 4744744516.
2, 41, 28931369
What are the prime factors of 55296317?
61, 906497
List the prime factors of 167179529.
11, 1381649
What are the prime factors of 1474591721?
1474591721
List the prime factors of 7223615.
5, 7, 173, 1193
List the prime factors of 943011204.
2, 3, 32